ighest common factor of 76 and v.
19
Suppose 0 = 5*y - 0*y - 35. What is the highest common divisor of y and 1?
1
Let u(c) = -c**2 - 4*c + 4. Let k(p) = 5*p**2 + 20*p - 21. Let z(y) = -2*k(y) - 11*u(y). Let d be z(-7). What is the highest common divisor of d and 57?
19
Let m be 2*1/6*-3. Let z be 3/m + 6*4. What is the greatest common divisor of 3 and z?
3
Suppose 1 = -c + 3, -3*c + 3 = -x. Calculate the highest common divisor of x and 24.
3
Suppose -4*h = w - 9, w - 45 = -4*w + h. Calculate the highest common divisor of 36 and w.
9
Let y = 21 - 31. Let q be ((-12)/y)/(4/200). Suppose 4*w - 74 = -26. Calculate the greatest common factor of w and q.
12
Let x(v) = v - 1. Suppose -4*h + 20 = h. Let u(o) = -3*o + 2. Let t(k) = h*u(k) + 10*x(k). Let c be t(-3). Calculate the greatest common factor of 8 and c.
4
Let b = -17 - -52. Let x(u) = -u**2 + 10. Let w be x(7). Let g be w/(-6) + 2/4. Calculate the greatest common divisor of b and g.
7
Suppose -w + 5 = 0, -3*x + w - 5*w + 20 = 0. Suppose 2*b + 6 = -x*b, -4*i = -b - 323. Calculate the highest common factor of 32 and i.
16
Let c = 52 - -28. Suppose c = 2*b + 4*m, -5*b = -b + m - 125. Let d be 75 - ((6 - 8) + 2). Calculate the greatest common factor of d and b.
15
Suppose -4*b - 12 - 12 = 4*l, -5*l - 27 = 2*b. Let n = b - -3. Suppose 3*a = 0, p = -2*p + 5*a + 30. What is the greatest common factor of n and p?
2
Let x be 1 + -3 + 1 + 0. Let a(s) = -10*s - 1. Let p be a(x). What is the highest common factor of 81 and p?
9
Let o = -19 + 37. Calculate the highest common divisor of 54 and o.
18
Suppose n - 3*x + 7*x - 6 = 0, 0 = 2*x + 6. Let k be 1/(-4) - n/(-8). Suppose 0 = k*l - 4*l + 16. Calculate the highest common divisor of 16 and l.
8
Suppose -l = u - 192, 5*u + 2*l - 954 = -l. What is the greatest common factor of 21 and u?
21
Let t be ((-2)/(-6))/((-7)/(-105)). Let k be (6 + -7)/((-1)/t). What is the greatest common divisor of k and 55?
5
Let b be ((-4)/6 - -1)*9. Suppose 0*u + 10 = b*u + 5*j, -2*u - 5*j = 0. Calculate the highest common divisor of 10 and u.
10
Let m be ((-808)/12)/(-2)*-3. Let b = m - -173. What is the greatest common factor of b and 9?
9
Let l = 99 - 59. Suppose -3*w + 10 = -w. Calculate the greatest common divisor of l and w.
5
Suppose -2*l - d = -9, 1 = 2*l + 5*d - 4. What is the greatest common divisor of 55 and l?
5
Let t(o) = 5*o**2 - 7*o + 6. Let g be t(6). What is the highest common factor of 18 and g?
18
Suppose 4*l - 44 = -2*g, -2*g = -7*l + 4*l - 9. Calculate the greatest common factor of 120 and g.
12
Let r(d) = d**3 - 5*d**2 - 2*d + 2. Let t = -2 + 8. Let k be r(t). Let y = k - 14. Calculate the greatest common divisor of 36 and y.
12
Suppose -2*x - 26 = 4*l - 4, -3*x - 9 = 2*l. Let f be ((-105)/14)/(l/8). Calculate the greatest common factor of 70 and f.
10
Let o = 59 - 11. Calculate the highest common factor of o and 72.
24
Suppose -5*w = -3*g - 4*w + 47, 13 = g + w. What is the highest common factor of 30 and g?
15
Let j = -2 - -3. Suppose 0 = -2*h - 1 - j. Let a be -2 + (h - 1)*-2. What is the highest common divisor of 14 and a?
2
Let o = 6 + -2. Suppose -o*h + 8 + 4 = 0. Suppose -47 = -s - h. Calculate the highest common factor of 22 and s.
22
Let x = -1 + 5. Suppose -r = -4, -2*r - 40 = -3*v - 6*r. Suppose -24 = -i + v. Calculate the highest common divisor of x and i.
4
Let z(h) = 3*h - 11. Let q be z(9). What is the highest common divisor of 16 and q?
16
Suppose -5*f = -4*s - 15, 0*f - 2*s - 9 = -3*f. Calculate the greatest common factor of f and 15.
3
Let a(c) = -4 + 4 - c + 10*c. Let h be a(3). Let w = -9 - -18. What is the highest common divisor of w and h?
9
Suppose 0*i + 5*i - t = 50, 3*i - 43 = -2*t. Let r(l) = l + 34. Let z be r(-12). Calculate the greatest common factor of i and z.
11
Suppose x - 12 = 2*d - 3*x, 14 = -3*d + 5*x. Suppose -5*t - 2*y + 70 = 2*y, 5*y = 0. What is the highest common factor of d and t?
2
Suppose -i = 10 + 8. Let w be (13/2)/((-9)/i). Calculate the highest common factor of w and 104.
13
Suppose -5*u + 200 = -0*u. Calculate the greatest common factor of u and 20.
20
Let z(o) = 5*o**2 - 35*o - 2. Let r be z(9). Let h = 1 - -10. Calculate the highest common divisor of h and r.
11
Suppose 4*v - v = 108. Calculate the greatest common divisor of 12 and v.
12
Let m = 13 - -14. Let q(i) = 3 - 4*i + 3*i**2 - 2*i + 3*i. Let d be q(2). Calculate the highest common factor of d and m.
9
Let d = -8 + 14. Suppose 8 = y + 6. Suppose -32 = -2*s - 4*a, -3 - y = -5*s + 5*a. What is the highest common divisor of s and d?
6
Suppose 4*z + 12 = -0*z. Suppose -l = -2 + 4. Let w = l - z. What is the highest common factor of w and 5?
1
Let g(l) = -l**2 - 12*l + 5. Let b(q) = -2*q + 1. Let y be b(6). Let d be g(y). Let r be 4/6 + (-8)/(-6). What is the greatest common divisor of d and r?
2
Let a be (-3)/((-3)/(-25)) - 3. Let s = -10 - a. What is the highest common divisor of 2 and s?
2
Suppose -28 + 210 = 13*m. What is the highest common factor of m and 14?
14
Suppose 2*k + 5*x - 40 - 36 = 0, -4*k + 5*x + 92 = 0. What is the highest common divisor of 4 and k?
4
Let n(q) = 3*q**2 - 17*q + 4. Let t(h) = h. Let s(j) = n(j) + 6*t(j). Let b be s(8). Calculate the highest common divisor of 12 and b.
12
Let s = 126 + -63. Calculate the greatest common divisor of 7 and s.
7
Let p(z) = 3*z. Let j be p(3). Suppose -j = -3*s + 6. Suppose 2*y + 1 + 1 = 2*i, -s*y + 25 = i. What is the greatest common divisor of i and 25?
5
Suppose y + 36 = -g + 2*g, 104 = 3*g - 2*y. Suppose 4*i = -4*a - 336, -5*a + 4*i + 0*i = 375. Let x = a - -159. What is the highest common divisor of g and x?
16
Suppose 2*p = 4 + 10. Calculate the greatest common factor of 7 and p.
7
Let j = 18 - 7. What is the highest common factor of j and 55?
11
Suppose 4*j - 416 - 200 = 0. Let a(m) = 23*m**2 - 4*m + 3. Let p be a(1). Calculate the greatest common factor of j and p.
22
Let d(a) = 11*a**2 + a + 1. Let z be d(-1). Suppose -80 = s - 13. Let o = s - -122. Calculate the greatest common divisor of o and z.
11
Suppose 2*z = -0*z. Suppose g - 404 + 72 = z. Suppose -2*v + 2*y = -344, 0 = 2*v - 6*y + y - g. What is the highest common factor of 16 and v?
16
Let y(h) = 20*h**2 - 2. Let d be y(2). Let w(u) = 3*u + 2*u + u**3 + 5*u**2 + 1 - 3*u + 4. Let a be w(-4). Calculate the greatest common divisor of a and d.
13
Let t = 15 + -9. Let q be 10/3*63/t. Suppose -5*f + 0*f = -25. What is the greatest common divisor of f and q?
5
Let s(g) = -7 + 3 + g**2 - 3*g - 2. Let v be s(6). Let a be 2/8 + 0 + 47/4. What is the greatest common factor of a and v?
12
Let i be 562/7 + 18/(-63). Calculate the greatest common factor of 10 and i.
10
Let s be (-3)/(2*4/(-16)). Calculate the greatest common factor of 54 and s.
6
Let f = 16 + -8. Let k be f/(-10)*(-140)/8. Suppose -4*u - k = -50. What is the greatest common factor of 18 and u?
9
Let o(t) = 2*t**2 - 4*t - 6. Let p be o(5). Suppose -5*u + p + 66 = 0. Calculate the highest common factor of u and 6.
6
Let c(r) = -2*r + 7 + 2*r + r. Let a be c(-5). Let l = -1 + 3. Calculate the greatest common factor of l and a.
2
Suppose 4*r + 408 = 8*r. Let q be (-252)/(-15) + 3/15. Calculate the greatest common divisor of r and q.
17
Let s be 189/28 - (-2)/8. Suppose -5*q + 4 + 11 = 0. Suppose 0 = -q*z + 2*n + 3*n + 67, 2*z = 2*n + 38. What is the greatest common factor of z and s?
7
Let k(g) be the first derivative of 17*g**2/2 - g - 5. Let r be k(3). Calculate the highest common divisor of r and 10.
10
Let f be 3 + 1 + 15 + -12. Suppose -9 = -3*c + 75. Calculate the highest common factor of f and c.
7
Suppose -2*h + 4*h - 480 = 0. Suppose h = 2*j - 2*a, 5*j - a - a = 585. What is the highest common divisor of 23 and j?
23
Let t = -2 + 31. Let v be t - ((-3)/3 + 2). What is the greatest common divisor of 70 and v?
14
Let l(s) = -s**3 - 5*s**2 + 3*s. Let q be l(-6). What is the highest common divisor of q and 27?
9
Suppose -4*o + c + 184 = -0*c, c - 41 = -o. Suppose 0*s + o = 3*s. Suppose 0 = 2*l + 3*l - s. Calculate the highest common factor of 3 and l.
3
Suppose p = 4*o + 2*p - 10, -2*p + 4 = 0. Suppose o*t + 2*t - 12 = 0. Let u be (1 - -4)*(5 - t). What is the greatest common factor of 25 and u?
5
Let i(g) = 4*g**3 + 5*g**2 + 96. Let b(v) = -v**3 - v**2. Let o(m) = 5*